b and 18?
18
Let h(w) = 6*w**2 + 10*w - 2. Let o be h(-6). Calculate the greatest common divisor of 42 and o.
14
Let k = -1330 - -1331. What is the greatest common divisor of 71 and k?
1
Let r = -446 - -456. What is the greatest common divisor of r and 380?
10
Let k be (-2 + 3)*(-4)/(4 + -5). Calculate the highest common factor of k and 148.
4
Let j(w) = -112*w - 379. Let f be j(-8). What is the greatest common divisor of 33 and f?
11
Let x(l) = 10*l - 8. Let t be x(4). Let o(y) = -2*y**2 - 4*y**2 - 2*y + y**3 + 8*y - 1. Let a be o(5). What is the greatest common factor of a and t?
4
Suppose 22 = -2*w - i - 15, 4*i + 64 = -4*w. Let j be (-182)/w - 4/6. Calculate the greatest common divisor of j and 72.
8
Let m(s) = -s**2 - 19*s + 30. Let i be m(-18). Suppose 2*a = 5*n - 76, a + i = 3*n - a. Let l = 85 - 57. What is the highest common factor of n and l?
14
Suppose 8*u - 32 = 6*u - 2*l, u - 7 = 2*l. What is the highest common factor of u and 247?
13
Let w be 12/(3 - (-5)/25*-5). What is the greatest common divisor of 38 and w?
2
Let z be (-5 - (-1582)/10) + 3/(-15). Calculate the highest common factor of 17 and z.
17
Let z be (-26)/(-16) + 21/56. Suppose -5*b - z*a = -89, 34 = 4*b - 4*a - 26. Calculate the highest common factor of b and 68.
17
Suppose -4*r = 5*p + 44 - 320, 4*r = p + 252. Suppose -d - r = -5*d. Calculate the greatest common divisor of 176 and d.
16
Let b = 516 - 477. What is the greatest common factor of b and 91?
13
Let o be (-2 - -18)/((-2)/(-2)). Suppose -5*i = y - 243, 0*i - i + 36 = -4*y. Calculate the greatest common factor of i and o.
16
Let r(l) = -l**3 + 16*l**2 - 12*l - 36. Let q be r(15). Let b be (2 + -8)/(4/(-42)). What is the highest common factor of q and b?
9
Suppose 97*i - 7560 = 34*i. Calculate the greatest common factor of i and 192.
24
Let m(j) = j**3 - 17*j**2 - j + 22. Let x be m(17). Suppose -x*d - 62 = -272. What is the highest common factor of d and 28?
14
Suppose -4*n - 3*o + 62 = 0, -5*o + 26 = 4*n - 40. What is the greatest common divisor of n and 112?
14
Suppose 1666 = 765*u - 758*u. What is the greatest common divisor of u and 170?
34
Let k(g) = g**3 + 11*g**2 + 9*g + 4. Let q be (-6)/((-2)/((-8)/3)). Let d be k(q). Calculate the greatest common factor of 31 and d.
31
Let i be 5*(-4)/(-8) - (-298)/4. Calculate the greatest common divisor of i and 28.
7
Suppose 3*a = 992 - 917. Calculate the highest common factor of 3775 and a.
25
Let u be (-2 - -131) + (17 - 3). Let q(s) = 3*s - 5. Let h be q(6). Calculate the greatest common divisor of u and h.
13
Let s = -2002 + 2015. Calculate the greatest common factor of s and 13.
13
Suppose 5 = -2*b + 3*y, 4*b + 4*y - 35 = y. Suppose -115 = 4*t + s - 1045, -b*s + 1170 = 5*t. What is the greatest common factor of t and 29?
29
Let t be (-4006)/5 - (-24)/(-30). Let a = t - -1187. What is the highest common divisor of 35 and a?
35
Let v = 705 + -647. What is the greatest common factor of 12 and v?
2
Let t(d) = -d**3 - 17*d**2 - 63*d + 6. Let b be t(-5). What is the greatest common factor of 39 and b?
3
Let d be (6 - 14)*(-69)/6. What is the highest common divisor of 36 and d?
4
Suppose 0*s - 14 = -k + 2*s, -k - 3*s = 1. Let t(o) = o**2 - 7*o - 5. Let m be t(k). Suppose u - m = -0*u. Calculate the highest common divisor of u and 33.
3
Suppose 3*t + 61 = 29*b - 24*b, -t + 31 = 3*b. Let y(x) = -2*x - 1. Let c be y(-1). What is the greatest common divisor of c and b?
1
Suppose 66*g - 60*g - 24 = 0. Suppose 2*u - s = 15, u - s - 4 = -g*s. Calculate the greatest common divisor of u and 14.
7
Let m(w) = 2*w**3 + 32*w**2 - 14*w - 39. Let u be m(-15). Calculate the greatest common factor of u and 9.
9
Let a be (-10)/65 + (-1)/((-26)/1174). What is the highest common factor of a and 45?
45
Let p(q) be the second derivative of -q**5/20 - q**4/6 - 2*q**3/3 - 17*q**2/2 + 14*q. Let r be p(-4). Calculate the highest common divisor of r and 93.
31
Let n(i) = i**3 + 7*i**2 - 5*i - 8. Let o be (56/(-12))/((-4)/(-6)). Let u be n(o). Let b = u + -24. What is the highest common divisor of b and 9?
3
Let l be (-4 - -2) + (40/4 - (-3 + -3)). Suppose 1 = 5*n - 9. Suppose p - 6 = -n*p. What is the greatest common factor of p and l?
2
Suppose 0 = 4*w - 306 - 74. Let m(a) = 7*a - 43. Let p be m(6). Let d be p/(-3)*38*(-27)/(-18). Calculate the greatest common divisor of w and d.
19
Let n be (13 + -6 + (-49 - -1))*-1. Calculate the greatest common factor of n and 1271.
41
Let n(d) = d**3 + 3*d**2 - 55*d + 104. Let p be n(2). What is the highest common divisor of 77 and p?
7
Let b(a) = 10*a**2 - 43*a - 5. Let y be b(5). Calculate the highest common divisor of 30 and y.
30
Suppose 2*s - 33 = -s - 5*i, -5*s + 5*i = -15. Suppose 72 = 8*k + k. Let q(y) = 10*y - 26. Let t be q(k). What is the highest common factor of s and t?
6
Suppose -3*m + 0*m + u = -107, 4*u + 32 = m. Calculate the greatest common factor of 1728 and m.
36
Let y be 697 - (-4 - -11) - 5. What is the highest common divisor of y and 5?
5
Let r(s) = -2*s**3 - 3*s**2 - s - 21. Let h be r(-4). Suppose 1 = 3*k - 251. What is the highest common divisor of h and k?
21
Let d(k) = -66*k - 104. Let i be d(-14). What is the highest common factor of 41 and i?
41
Let o(m) = m + 30. Let w be o(-16). Let s = w + 38. Let q = -6 + 19. Calculate the highest common divisor of s and q.
13
Suppose -4*y + 549 = 437. Calculate the greatest common factor of 63 and y.
7
Let k(n) = -n**2 + 10*n. Suppose 2*x + 4*b - 44 = 0, b - 6 = -1. Suppose 0*t + x = 2*t. Let s be k(t). Calculate the highest common factor of 72 and s.
24
Suppose 0 = -3*a + 138 + 234. Calculate the greatest common factor of a and 93.
31
Let u be ((-21)/4)/(132/(-880)). Calculate the highest common factor of u and 5.
5
Suppose -3*o + 4 + 2 = 0. Suppose 0*n + 4 = o*n. Suppose -n*a + 111 = -69. Calculate the greatest common divisor of a and 10.
10
Let t be 2/6 + 14/3. Suppose 62*r = y + 60*r + 7, -4*y + r = -7. Suppose -2*a - 3*j = y*a - 35, t*a - 35 = -j. What is the highest common divisor of a and 49?
7
Suppose 3*m = -2*x - 3, 3*x + 0*x - 28 = 2*m. Let n(d) = -x + 2 - 27*d - 4. Let i be n(-6). What is the greatest common divisor of 14 and i?
14
Suppose -x = 4*x - 13530. Let o be x/27 + (-2)/9. Suppose -w + 2*z + 0*z = -15, 4*z = 20. What is the greatest common factor of w and o?
25
Let t(p) = p**2 + 3*p - 27. Let u be t(-9). Suppose -l = -3*v - u, l - 32 = -l - 5*v. Calculate the greatest common factor of 126 and l.
21
Let w = 1264 - 1240. Calculate the greatest common factor of 42 and w.
6
Let r(i) = -i**3 - 6*i**2 + i + 7. Let d be r(-6). Suppose p - d = 24. What is the highest common divisor of 10 and p?
5
Let x(z) = 8*z**2 + 51*z + 145. Let s be x(-3). Suppose l = 3*c - 4*l - 4, -2*c = 3*l - 28. Calculate the highest common factor of c and s.
8
Let a be (-4)/18 + 94/18. Let s = -4 - -16. Let w be (-1)/2 - (-546)/s. Calculate the highest common factor of w and a.
5
Let d be 946/(-66) - (-2)/6. Let v = d - -29. Suppose -2*g + 216 = -24. What is the highest common divisor of g and v?
15
Suppose 9*o + 60 = 12*o. Calculate the greatest common factor of o and 130.
10
Let c = 170 - 127. What is the greatest common divisor of c and 516?
43
Let u = 33 + -15. Let p(k) = 191*k - 95*k - 95*k + 42. Let i be p(-15). What is the greatest common factor of i and u?
9
Let l = 56 + -6. Suppose -3*n = 5*q - 1397, -7*n - 2*q + 1886 = -3*n. Let i be n/24 - 3/(-12). What is the highest common divisor of i and l?
10
Suppose 5 + 20 = 5*o. Suppose 2*n + y + 11 = 0, -4*n - o*y - 3 = 10. Let l = 29 + n. What is the greatest common divisor of l and 88?
22
Let x(b) = -b**2 + 3*b + 7. Let g be x(4). Let s = -22 + 25. Calculate the highest common divisor of g and s.
3
Let x = 0 - -1. Let j(f) = -5*f + 16. Let k be j(4). Let g be (-4)/(-6) - k/(12/31). Calculate the highest common divisor of g and x.
1
Let h be (-893)/(-3) - (-22)/(-33). What is the greatest common factor of 22 and h?
11
Let u = 382 - 358. Calculate the greatest common divisor of u and 108.
12
Let l(f) = f**3 - 37*f**2 - 77*f + 19. Let v be l(39). What is the greatest common factor of 986 and v?
58
Let m(k) = -7*k + 110. Let f be m(13). Calculate the greatest common factor of 323 and f.
19
Let r be (-10 + 2)*(-5)/4. Let k be 2 + 18/(-10) - (-108